
14540
In base 12, what is -3624 + 0?
-3624
In base 11, what is 546 - -39aa?
4445
In base 14, what is -74 + 651?
5bb
In base 4, what is 10 + 11133331?
11200001
In base 10, what is 3 + -77669?
-77666
In base 12, what is -21b + 1886?
1667
In base 9, what is 70 + 41?
121
In base 5, what is 423 - -412?
1340
In base 15, what is -23b56 + 7?
-23b4e
In base 16, what is 1ed + -d0b?
-b1e
In base 11, what is 48a111 + 2?
48a113
In base 13, what is -5 + -a92a5?
-a92aa
In base 5, what is -30310 + -303?
-31113
In base 4, what is -121020 - -3?
-121011
In base 12, what is -1 - 34a?
-34b
In base 11, what is 1 - -91427a?
914280
In base 13, what is 13423 + -26?
133ca
In base 13, what is -2bc4b + -8?
-2bc56
In base 6, what is -132003 - 252?
-132255
In base 2, what is 1110001101010 + -1000?
1110001100010
In base 10, what is 30998 - -8?
31006
In base 11, what is -4 + 2309a6?
2309a2
In base 3, what is 1222121121 + 201?
1222122022
In base 10, what is 3 - -966849?
966852
In base 14, what is 8c7 - -17?
900
In base 14, what is -5b - -23b4?
2357
In base 14, what is -c6 + -417?
-4dd
In base 6, what is -15315102 + 3?
-15315055
In base 10, what is 8398 + 7?
8405
In base 7, what is -5111 + -3162?
-11303
In base 10, what is -17606 - -290?
-17316
In base 12, what is -42 + 3b6?
374
In base 7, what is -16504 - 11?
-16515
In base 5, what is 121 - -110421?
111042
In base 3, what is 222011200 + -12?
222011111
In base 11, what is -19 + -2053?
-2071
In base 8, what is -17 - -2577?
2560
In base 11, what is 2131 + -25?
2107
In base 16, what is -70755 + -3?
-70758
In base 5, what is -13002 + 30?
-12422
In base 16, what is -3 + -1cb2?
-1cb5
In base 12, what is -452499 - 4?
-4524a1
In base 6, what is 3531241 - -5?
3531250
In base 11, what is 894 + -13?
881
In base 4, what is 11 + -3122200?
-3122123
In base 7, what is -1205 + -4504?
-6012
In base 5, what is 1313333 - 104?
1313224
In base 3, what is -1111211121 + -1020?
-1111212211
In base 13, what is 5c9a - 16?
5c84
In base 16, what is -5 - -1a9a?
1a95
In base 9, what is 126 - -11884?
12121
In base 3, what is 11201100 - -1010?
11202110
In base 13, what is 2391 - -3c?
2400
In base 9, what is 0 - -88207?
88207
In base 16, what is e - c8db?
-c8cd
In base 16, what is 38a - -19?
3a3
In base 5, what is -21033 + 11411?
-4122
In base 4, what is 33031310 - 2?
33031302
In base 6, what is 5 + 2300?
2305
In base 2, what is 10001110100001101111 - -101?
10001110100001110100
In base 4, what is -121212 + -31322?
-213200
In base 6, what is -1431 + 43?
-1344
In base 11, what is -173678 + -5?
-173682
In base 13, what is -21b76 + -4?
-21b7a
In base 12, what is -14a41 - 2?
-14a43
In base 15, what is -170b9e6 + 5?
-170b9e1
In base 8, what is -2 - 4136036?
-4136040
In base 14, what is 12 + -1133?
-1121
In base 14, what is 6 + 257?
25d
In base 15, what is -174 - e?
-183
In base 7, what is 5266133 - 5?
5266125
In base 11, what is -5 - -28a55?
28a50
In base 2, what is -10000000 + -1001100011?
-1011100011
In base 10, what is 4 + -396414?
-396410
In base 9, what is 427 - 3145?
-2617
In base 12, what is -5 + 7084?
707b
In base 2, what is -101 - -10100010010011?
10100010001110
In base 10, what is 3 + 8779?
8782
In base 8, what is 36 - 35506?
-35450
In base 14, what is 10b2 + a6?
1178
In base 13, what is 96 - 132c?
-1266
In base 4, what is -1 + 10023031?
10023030
In base 6, what is -2023420 - -41?
-2023335
In base 6, what is 302 + 130013?
130315
In base 7, what is -3 + -3534653?
-3534656
In base 3, what is 12211 + 1000?
20211
In base 8, what is -260 + 13326?
13046
In base 16, what is -17 + 875e?
8747
In base 16, what is -1c49c0 + 0?
-1c49c0
In base 4, what is 2 + 1202033031?
1202033033
In base 8, what is -364055 + 1?
-364054
In base 11, what is -1 + -9169?
-916a
In base 9, what is 10 + 717?
727
In base 4, what is -2003033032 + 11?
-2003033021
In base 4, what is 2300 + -1022?
1212
In base 9, what is -177 + -4100?
-4277
In base 13, what is -139 + 40c?
2a3
In base 15, what is -917 - -14?
-903
In base 10, what is 340 + 52?
392
In base 2, what is -1001010101000110011 + -10?
-1001010101000110101
In base 11, what is 5a95 - 4?
5a91
In base 11, what is 316068a + 1?
3160690
In base 4, what is 100 - -3311?
10011
In base 3, what is -12 + 2110022102?
2110022020
In base 15, what is 8c - -8a?
127
In base 7, what is 6 + -32404?
-32365
In base 7, what is -16625 + -255?
-20213
In base 10, what is -27 + 2644?
2617
In base 4, what is 3230301 + 2?
3230303
In base 14, what is 24 - -217d9?
2181d
In base 7, what is -153621 + 324?
-153264
In base 7, what is 4 + -21152?
-21145
In base 15, what is 3d - -94ca?
9518
In base 8, what is -1 - -27223?
27222
In base 5, what is -23434 + 1213?
-22221
In base 4, what is -203 - -33020?
32211
In base 11, what is 105a - -60a?
1669
In base 3, what is -221 - 100001012?
-100002010
In base 13, what is ac5a + -a?
ac50
In base 5, what is -34143440 - -4?
-34143431
In base 9, what is -3 + 15805?
15802
In base 2, what is 1100011011110101001 + 10?
1100011011110101011
In base 10, what is 5 - 518385?
-518380
In base 4, what is 22 + 21022310?
21022332
In base 15, what is -6 + -5ea7?
-5ead
In base 10, what is 117 + 391?
508
In base 8, what is -7 + 120561?
120552
In base 4, what is -100 - 20313?
-21013
In base 12, what is b683 - 3?
b680
In base 4, what is 11 - -3122120?
3122131
In base 10, what is 42106 + 1?
42107
In base 11, what is 1105 + 59?
1163
In base 5, what is -210134 + 0?
-210134
In base 14, what is -59b37 - -2?
-59b35
In base 8, what is -1726334 - -1?
-1726333
In base 5, what is -10 + -4344?
-4404
In base 8, what is -33746 + 3?
-33743
In base 2, what is -101011100 + -111010011?
-1100101111
In base 11, what is 756 + 80?
826
In base 7, what is 1 - 166661?
-166660
In base 13, what is -3 - -61a93?
61a90
In base 7, what is -1036 + -332?
-1401
In base 10, what is 3 - -72126?
72129
In base 16, what is 547f - 12?
546d
In base 11, what is 0 - 221236?
-221236
In base 13, what is -3222 + -4?
-3226
In base 10, what is -39240 + -3?
-39243
In base 10, what is 328 + 259?
587
In base 6, what is 4223014 + -5?
4223005
In base 4, what is 2110103 + -1310?
2102133
In base 14, what is -5bbb + 1?
-5bba
In base 14, what is -5cb0 + 2?
-5cac
In base 15, what is -47 + 25c?
215
In base 9, what is 6 - 122261?
-122254
In base 11, what is -1399a7 + -1?
-1399a8
In base 2, what is 11 + -1101001101001001110?
-1101001101001001011
In base 7, what is 21 - 122466?
-122445
In base 3, what is 2110121022 - -12?
2110121111
In base 13, what is 1092a + 4?
10931
In base 2, what is 100000000000100 + -1001100?
11111110111000
In base 13, what is 16 + 9487?
94a0
In base 13, what is 1310c6 + 3?
1310c9
In base 10, what is 3 + -288271?
-288268
In base 8, what is -14461 - -1?
-14460
In base 4, what is 3321120 - -1300?
3323020
In base 7, what is -62 - 25213?
-25305
In base 5, what is -33143313 - -4?
-33143304
In base 3, what is -11212120020 + 1?
-11212120012
In base 8, what is 50 - -6270?
6340
In base 14, what is 4 + 369cc?
369d2
In base 15, what is 1b7 + 2c4?
48b
In base 3, what is 2202 + 210121010?
210200212
In base 13, what is 33 + -309?
-2a6
In base 12, what is 570 + 4?
574
In base 8, what is 17167 - -7?
17176
In base 5, what is 3133 - 11410?
-3222
In base 3, what is 2 - -10100120012?
10100120021
In base 8, what is -652026 - 4?
-652032
In base 2, what is 1001100001 + -10000?
1001010001
In base 8, what is -111 - 1673?
-2004
In base 3, what is -1001212011 - 1002?
-1001220020
In base 11, what is -3 + -2a929?
-2a931
In base 13, what is 4 - -1285?
1289
In base 2, what is -1110001010001 - 110111?
-1110010001000
In base 4, what is -113 - -111230?
111111
In base 11, what is 10488 + 18?
104a5
In base 9, what is 8 + -6625?
-6616
In base 8, what is 20422 - 12?
20410
In base 10, what is 275 + 148?
423
In base 14, what is 35 - -1bcda?
1bd31
In base 4, what is -303 + -10200301?
-10201210
In base 12, what is 43b - 5890?
-5451
In base 10, what is 70 + -808?
-738
In base 9, what is -3785364 + 3?
-3785361
In base 11, what is -2a0 + -321?
-611
In base 14, what is -60d2 + -58?
-614a
In base 14, what is -1 + -9d7c?
-9d7d
In base 14, what is -5 + -3db6?
-3dbb
In base 2, what is -10100100000101000 - 101?
-10100100000101101
In base 10, what is -28990 + -52?
-29042
In base 7, what is -234455 + 106?
-234346
In base 16, what is -39ec -